e value of -4 - (-5 + -3 + 10) - (-19 + -1)?
14
What is the value of -5 + (3 - (-3 - (-3 + 4))) - 1?
1
What is -4 + (3 - ((-1 - -5) + 1)) - -11?
5
What is (-17 - 53) + (32 - -2)?
-36
What is the value of -21 + (-32 + 0 - -28)?
-25
Calculate (24 - 6 - 22) + -7.
-11
4 + (-23 - (9 - 13) - -4)
-11
Calculate -7 - (-13 + 6) - 14.
-14
What is the value of 5 + 1 - (-98 + 118)?
-14
Evaluate 27 + -20 + -6 + 14.
15
What is the value of 4 - (-12 - -12 - 0)?
4
What is the value of 2 + -4 + -3 + 13 + 3 - -1?
12
What is 20 + (7 + (-20 - 0) - -7) + -1?
13
What is 16 - 0 - (-149 + 153) - 41?
-29
7 - 3 - (37 - 21) - -2 - -2
-8
Calculate -4 + 8 - ((12 - 8) + 10).
-10
What is (9694 - 9665) + (-1 + 0 - -6)?
34
(-64 - -81) + (0 - 16)
1
-3 - (-17 + 4) - 4
6
Calculate 8 + 1 + (-20 + -29 - -6).
-34
3 + 2 + -2 + -9 - (114 - 103)
-17
What is 2 - 2 - (43 - 45) - 4?
-2
What is the value of (15 + (8 - 9) - 7) + (-3 - -1)?
5
Evaluate -1106 + 1127 - (-8 - 1).
30
Evaluate (-2 - (-2 + -4)) + -35.
-31
Evaluate (-11 - -9 - -11) + 0.
9
What is the value of 34 - 18 - (12 + 2)?
2
Evaluate -8 - (-10 - -5) - (0 + -18) - -6.
21
2 + -12 + -17 + 7
-20
Evaluate -8 + 4 + 4 + (-2 - -1) + 4.
3
What is 24 + -25 + 10 - (-2 - (0 - 13))?
-2
What is the value of -62 + 47 - (-3 - 2)?
-10
What is the value of -5 - (-7 + 1 - 5) - (-28 + 26)?
8
-105 + 112 - (8 + 1 - 2)
0
Evaluate (-1 - -11 - 1) + (-1 - -1) + -21.
-12
Evaluate (-11 - (-23 + -5)) + -9.
8
(-5 + -6 - -13) + (-3 - -1)
0
Calculate -4 - (15 + -8 - 12 - -5).
-4
Calculate -5 + (0 - (-17 - 2)).
14
Calculate (-38 + 12 - -58) + -25.
7
What is (18 - 7 - 10) + 6 + (-2 - 4)?
1
-56 + 71 + 1 + -10 - 41
-35
What is -23 - (2 - 10) - -5 - -17?
7
What is the value of (3 + 0 - -1) + (-122 - -129)?
11
What is 3 + -5 - (4 - (-6 + 2 + 3))?
-7
Calculate -10 + (-3 - -3) + -24 + 16.
-18
What is -29 + 11 - (-7 - 4)?
-7
What is the value of 18 - 14 - (-2 + 8) - (-15 + -12)?
25
What is the value of -7 - ((7 - -15) + -19)?
-10
What is the value of (2186 - 2183) + -2 + (0 - -1) - -6?
8
28 + -36 + (-16 - -34)
10
-10 + -1 + -9 + (23 - 3)
0
(-1 - -3 - (-14 + (6 - -21))) + 2
-9
Calculate -1 + -17 + (39 - 20).
1
Evaluate -16 + 32 + -3 + 20 + -12.
21
What is the value of -168 + 164 + (10 - 1)?
5
What is the value of -73 + 82 + (4 - 19) + 4?
-2
Evaluate 2 + -1 + -36 + (-5 - (-11 - -1)).
-30
7 + -23 + (-4 - (-3 - -1 - 0))
-18
What is -20 - 12 - -13 - 9?
-28
What is 6 - (-3 + -5 + -2 + 6)?
10
What is -1 + -3 - 21 - (-460 - -445)?
-10
Calculate (18 - 22) + (-3 - (2 + (2 - 8))).
-3
What is the value of 17 + 18 + -34 + (-3 + 5 - -14)?
17
What is -1387 + 1383 - (19 + -1 - 0)?
-22
Evaluate 1 + 0 + -26 + 22.
-3
What is 40 + -37 + 0 - 25?
-22
What is the value of -8 + (15 + -17 - (-12 + 4))?
-2
What is 0 - (-6 - -16) - 3?
-13
Evaluate (-27 - (-29 - -23)) + 16.
-5
Calculate (0 - 5) + 12 - (8 - 8).
7
Calculate (-25 - -12) + (-5 - (5 + 9)).
-32
What is -1 - -1 - (-24 + -13 + 20)?
17
What is the value of -10 + (-37 + 4 - -21 - (-10 - 1))?
-11
Calculate (7 - 22) + 7 - (-1 + 1).
-8
Evaluate -115 - -59 - -60 - (1 + 28).
-25
Evaluate 17 + -7 + 6 + -12.
4
Calculate (0 - (18 - 17)) + 8.
7
What is (-6 - 10 - -28 - (7 - 2)) + 4?
11
What is 5 - (3 - 9) - (-5 - (0 - 5))?
11
What is the value of (1 - -1) + (18 + -1 - 2) - 6?
11
(-215 - -230) + 0 + -12
3
-6 - ((5 - 0) + (-10 - (1 - 3)))
-3
(8 - 48) + 4 + 22
-14
0 + 43 + (-12 - (16 - 16))
31
(8 - 11) + (1 - -2) + -106 + 82
-24
What is 18 + 7 + 11 + -19?
17
-36 + 39 + -9 - (2 - 21)
13
3 + 0 + -6 - -9 - (-106 + 104)
8
What is (70 - 42 - 21) + 25?
32
What is -43 + 0 - (-453 - -441)?
-31
Evaluate 6 - -2 - -3 - 3 - 18.
-10
(7 - (25 + -6)) + (-3 - -1)
-14
Calculate (-18 + 14 + (-1 - -3) - -3) + -1.
0
What is 28 + -8 + -12 - (10 - 1)?
-1
What is 1 + 11 + -17 + (33 - 16)?
12
5 - ((-6 - -13) + -2 - (-1 + 6))
5
Evaluate 23 - (3 - (-30 - -18)).
8
What is the value of -2 - ((-21 - 0) + 26 + -20 - 4)?
17
What is 25 + -10 + -29 + 0?
-14
What is (-14 - 13) + (45 - 26)?
-8
Calculate (-57 + 36 - 2) + 37.
14
Calculate (25 - 57) + (28 - 10).
-14
What is -4 + (5 - -2) + (-23 - (-17 + 14))?
-17
What is the value of 20 + (-9 - -4) + -8 + 8 - 4?
11
What is (-1 - 5) + 2 + (-240 - -246)?
2
Calculate (-11 + 6 - -7) + 1 - 14.
-11
8 + (-29 - -25) - 26
-22
(0 - 5) + -3 + -3 + 14
3
-800 + 782 + (-1 - 0)
-19
(-19 - -3) + 26 + -3 + -39
-32
Evaluate 15 - (42 - 14) - -18.
5
Calculate -27 + (1 - -10 - 5) - (-10 - -8).
-19
What is -2 + -10 + (-3 - (7 - 10)) + 7?
-5
2 + (11 - 2) + 9 + -4 + -5
11
What is 19 + (-22 - (-7 + -4))?
8
Evaluate ((-8 - -3 - 6) + 5 - -13) + -6.
1
Evaluate (13 - (-3 - -2)) + -313 + 304.
5
What is -5 + -6 - (-3 + -3)?
-5
Evaluate -8 + -12 + 6 + -1 + 10.
-5
(38 - (13 + 73)) + 14
-34
(5 - 7) + (12 - 7) + 3
6
Evaluate (-15 - (-4 + -2)) + 1 + (8 - 15).
-15
Evaluate -11 - (-15 + (-5 - 0)).
9
Evaluate 3 + 0 - (1 + (1 - -5 - 13)).
9
What is (3 - -2) + (-7 - (-9 + 5)) + -13?
-11
What is the value of 4 + 8 + -10 + 18 - -2?
22
-1 + -9 - ((13 - 44) + 9)
12
Evaluate -13 - ((-30 - -17) + -2 + 11).
-9
Evaluate -15 + 2 + 25 - (30 - -10).
-28
Evaluate 11 + -10 + 36 + -8.
29
Calculate 70 - (121 + -45) - (-16 - 0).
10
-1 + (-13 - -11 - 5 - (2 + -15))
5
What is the value of -10 + 11 + -7 + -10?
-16
-5 + (8 - -5) + -3 + (-2 - 7)
-4
What is 32 + (24 + -8 - 28) + 9?
29
Evaluate (-282 - -262) + (43 - -1).
24
Calculate -6 + (9 - 9) + (0 - 2).
-8
What is the value of 15 + -19 + -3 + (1 - -2) + 8?
4
What is -16 + (6 - 22 - -4)?
-28
Calculate -1 + (3 - (-7 - -15)) - 1.
-7
What is 10 + 22 + -10 + -8 + -2?
12
What is 0 + (-5 + (1 - 3) - -12) + 8?
13
What is the value of -283 + 302 - (-2 + 12)?
9
Evaluate -9 - (-18 - (10 - 8)).
11
Calculate 188 + -185 - (6 - (-1 - 1)).
-5
Calculate 12 - (23 + -5) - ((-6 - -8) + 7).
-15
Evaluate -7 + (-3 - -6 - (29 - 21)).
-12
What is -7 - (-6 - (6 + (-6 - -7) - 3))?
3
Evaluate (0 + 7 - 1) + -27 + -29 + 49.
-1
-6 + 43 + 6 + -38
5
Evaluate 12 + 5 + -16 - -13.
14
Calculate -1 + 21 + (4 + -9 + 5 - 7).
13
Calculate 8 + -14 - (-6 - -7 - 1).
-6
What is the value of (-43 - (-18 + -9)) + -1 + 37?
20
Calculate (-1 + -1 + 4 - 17) + -1 + 3.
-13
Calculate 18 - (19 - -6 - 11) - (1 - -32).
-29
What is the value of -4 + 10 - (14 - (4 + -10) - 2)?
-12
What is the value of -48 + 58 + -42 + 17?
-15
-4 + (22 - (-2 - -8)) - (-4 + 8)
8
What is the value of 6 + (0 - 0 - (-27 + -27 + 50))?
10
Calculate 1 - (48 + -47 - (0 - (0 - 2))).
2
What is 22 - (-3 + (24 - 6))?
7
Calculate -2 + 1 + -1 + 0 - (-269 + 263).
4
What is the value of -1 + 9 + -12 - (-1 - -10)?
-13
Calculate -19 - (-6 + (-4 - (-7 + 3))).
-13
What is -1 + 37 + (-603 - -596)?
29
Evaluate (-11 - (-6 - 1)) + -2 + 1.
-5
Calculate 24 - 73 - (16 + -81).
16
-54 + (1 - -13) - (11 + -22)
-29
What is the value of -10 + (-12 - -8 - -15)?
1
What is the value of -211 + 230 + (1 - 5 - 22)?
-7
What is the value of 98 + -118 - (-23 + 0)?
3
What is 2 + -11 - (9 + -5 + -7)?
-6
Evaluate 8 - (5 - (-7 + (9 - 12))).
-7
Evaluate 133 + -128 + -2 + 0 - (-1 - -16).
-12
What is (0 - (-8 - 2)) + (11 - 6)?
15
What is the value of 80 + -84 - (-1 + -9) - 5?
1
What is the value of -8 - ((13 - -29) + -75)?
25
Calculate 3 - (-14 + -16 + 34).
-1
Evaluate (1 - -27) + -42 - (-6 + 1).
-9
Calculate (-44 - ((-7 - -9) + -14) - -11) + 5.
-16
-21 + 6 + 21 + -14
-8
(-4 - 0) + 3 - (-35 - -46)
-12
Calculate -26 + 51 + -28 + 10.
7
What is (15 - 24) + (0 - -8) + 10?
9
Calculate (7 + 4 - 5) + 7 + -14 + -4.
-5
Calculate 13 + -3 + 13 + -16.
7
What is the value of (-1 + 3 - 0) + (73 - 81)?
-6
What is -26 + -3 + 14 + -8 + 4?
-19
9 - 42 - (78 + -113)
2
Calculate -1 + -5 + -9 + 9 - (26 + -3).
-29
Calculate -9 + -2 + -8 - (-5 + -3).
-11
What is 7 - (-1 + -7 + (7 - -12) + 4)?
-8
Calculate 2 + -31 - (-177 - -160) - 15.
-27
Calculate 8 + -5 - (5 + (0 - -1 - 3)).
0
What is the value of (1 + 3 - (96 - 95)) + -5 + -1?
-3
Calculate 4 - (5 - (2 - 0)) - -5 - 19.
-13
Evaluate -2 - (0 - -2) - (-3 + 15 + -21).
5
What is the value of -2 - (-10 + (18 + -36 - (-9 + 0)))?
17
Calculate (-4 - -16) + (1 - 1) + 8 + -1.
19
Evaluate 5 + ((3 - -3) + -15 - (-18 + 2)).
12
What is -1 - 18 - (-332 - -303)?
10
61 + -20 + -19 - 19
3
What is -9 - 7 - -14 - -17?
15
What is -2 - -2 - (-4 + -6 + 16 + -24)?
18
What is 6 - (9 - ((-8 - -5 - 0) + 3))?
-3
(-5 - -5 - 4) + 2 - (1 - 33)
30
What is -4 - (2 - (